 v(a). Let t be u(11). What is the tens digit of 115 - 3/(t/3)?
1
What is the units digit of (-2958)/(-638) + 4/11 + 938?
3
Suppose 4*g + 27 = f - 6, -f - 5*g = -69. Suppose 4*j - f = 1775. What is the units digit of j?
6
Let l be -4 + 2 + -3 + (2 - -55). Let f = l - -49. What is the tens digit of f?
0
Let p be ((-10)/6)/(5/(-6)). Suppose -4*z + 16 = 5*o, -p*z + 22 = -2*o - 4. Suppose -1337 - 463 = -z*d. What is the hundreds digit of d?
2
Suppose 6*v = 27535 - 2923. Suppose -4*z = -3*g + v, 1342 = -5*g + 6*g + 5*z. What is the units digit of g?
2
Let f = -5322 - -21952. What is the thousands digit of f?
6
Suppose -81 = -o + 234. Let g be (-5)/((-25)/o) - (-1 - -2). Suppose -2*j + 134 = -g. What is the units digit of j?
8
Let a = -224 - 278. Let z = a - -845. What is the hundreds digit of z?
3
Let k(h) = 4*h**3 + 14*h**2 - 7*h + 33. Let p(u) = 5*u**3 + 14*u**2 - 6*u + 32. Let s(z) = -4*k(z) + 3*p(z). What is the tens digit of s(-17)?
6
Let b = 1703 - 1136. Suppose l = 4*l - b. Suppose l + 159 = 4*g. What is the tens digit of g?
8
Suppose -305*n + 110390 = -298*n. Suppose 27*p = 8*p + n. What is the tens digit of p?
3
Suppose -143*b = -148*b - 4*q + 9, 3*q = -b + 4. Let l = 3 + 1. What is the units digit of l - (6 - (b + 3))?
2
Let z(t) = -5*t**3 - 9*t**2 - 81*t + 41. Let j(k) = k**3 - k**2 + 3*k - 1. Let i(m) = 6*j(m) + z(m). What is the hundreds digit of i(20)?
7
Let p = 525 + -38. Let g = 1064 - p. What is the hundreds digit of g?
5
Let y(g) = -14*g**2 + 1 + 4 + 2*g - 10*g**3 + 2 + 11*g**3. Let s be y(14). Suppose -5*h + s = 3*k, 5*k + 55 = 2*h + 10. What is the tens digit of h?
1
Let t = 5950 - -9322. What is the ten thousands digit of t?
1
Suppose 497784 = 80*n - 160296. What is the tens digit of n?
2
Let s = 10068 + -5726. What is the tens digit of s?
4
Let u(i) = -11*i**3 - 4*i**2 + 17*i + 16. Let k be u(-5). Let g = -569 + k. What is the hundreds digit of g?
6
Let k = 274 + -114. Let n = -513 + k. Let g = -246 - n. What is the units digit of g?
7
Suppose -2*x + 3*t - 36 = 3*x, -2*x - t - 10 = 0. Let s be 4 + -2 + x/(3 - -3). What is the hundreds digit of s/(6/4 - (-2019)/(-1350))?
2
Let v = -29 - -13. Let c = 179 + v. What is the hundreds digit of c?
1
Let d = 130678 + -60698. What is the ten thousands digit of d?
6
Let r = -5519 - -10558. What is the thousands digit of r?
5
Let u(d) = -2115*d**3 - 7*d**2 - 44*d - 77. What is the tens digit of u(-2)?
0
What is the units digit of (3 + (-6318)/65)*2/(10/(-825))?
3
Let r(i) = 22*i - 3. Let y(h) = -89*h + 13. Let d(w) = -26*r(w) - 6*y(w). Let p = 168 + -170. What is the tens digit of d(p)?
7
Suppose s = 1, 45114 = 3*g - 4*s + 4903. What is the hundreds digit of g?
4
Suppose -14643*o = -14651*o + 67952. What is the tens digit of o?
9
Suppose q - 4*n = 3*q, -3*q + 2*n = 32. Let z be 3 + q + (-8)/2. Let i(j) = 2*j + 39. What is the tens digit of i(z)?
2
Let s(k) = -47*k - 12. Let a = 54 - 58. Let o be s(a). Let v = 258 - o. What is the tens digit of v?
8
Let n(i) be the first derivative of 7*i**2/2 + 17*i + 123. Let p = 12 - 9. What is the units digit of n(p)?
8
Let k = -10 - -16. Suppose -f - 5 = -k*f + 3*c, 10 = 5*f - 4*c. What is the units digit of ((-3)/9)/(f - 53/(-27))?
9
What is the hundreds digit of -6*(-3)/6 - (-13 - 4952 - -5)?
9
Let c(u) = 79*u + 7. Suppose -9*b = 5*b + 364. Let k be b/(-6) - (-20)/(-15). What is the units digit of c(k)?
4
Suppose -2*u - 134 = -3*k + 97, 2*k - 5*u - 165 = 0. Let s = k - 68. Let m = s - -94. What is the units digit of m?
1
Let g be (10/4 + -3)/((-1)/4). Let o(j) = j**3 + 6*j**2 - 5*j - 3. Let x be o(-6). Suppose 4*n - x = -b - 0*b, 4*b - 180 = g*n. What is the tens digit of b?
4
Suppose -3*w + 4*c = -16674, -11*c + 14*c = 3*w - 16677. What is the thousands digit of w?
5
Let z(h) = 19*h - 11. Let u be z(1). Suppose -588 = -2*w - 3*v + v, 0 = 2*v - u. What is the units digit of w?
0
Suppose -2*a = 2*a + 5*l - 8, -3*a = l + 5. Let n be ((-6)/a)/(8/64). Suppose -8*z + n = -184. What is the units digit of z?
5
Suppose 5*c + 235 = 2985. Suppose -15 + 231 = 4*i. What is the units digit of i/(-72) - c/(-8)?
8
Let w(v) = 50 - 336*v**3 + 9*v - 6*v**2 + 2*v**2 - 6*v**2 - 10 + 272*v**3. What is the units digit of w(-3)?
1
Suppose 0 = 4*n + 32*n - 12312. What is the tens digit of n?
4
Suppose 2*i - 4*i = 3*d - 5, 3*i + d = 4. Let n be (-17 - -16)/((i/(-1))/(-2)). What is the units digit of (-45)/15 - (-2 - (-204)/n)?
1
Suppose -5*w - 2587 = -2*b, 4*w + 328 = b - 961. What is the tens digit of b?
0
What is the units digit of ((-60)/(-16))/(30/36160)?
0
Let i be (-1184)/8*3/(-12). Suppose -d + i = -33. What is the units digit of d?
0
Let f(t) = 449*t**2 + 2*t - 3. Suppose -4 = 4*u - 8. Let c be f(u). Let q = -311 + c. What is the tens digit of q?
3
Let c(m) = -2*m**3 + 5*m + 5. Let t be c(-1). Suppose -q - 1502 = -t*u + 3*q, -3*q + 1467 = 2*u. What is the hundreds digit of u?
7
Let v = 59 - 60. Let f be ((-11)/(-44))/(v/(-8)). What is the tens digit of 0/f + (-644)/(-7)?
9
Let p = -248 + 253. Suppose 5*a = -t + 496, 102 + 299 = 4*a + p*t. What is the tens digit of a?
9
Suppose -4 = -0*k - k. Let p(r) = r**3 - 3*r**2 - 2*r + 5. Let j(m) = -m. Let d(f) = -4*j(f) + p(f). What is the tens digit of d(k)?
2
Suppose -3*k - 13*s + 46868 = 0, 4*k + 7*s - 3*s = 62504. What is the units digit of k?
7
Let u = 2065 + -886. What is the hundreds digit of u?
1
Suppose -5*o = -16 - 34. Suppose m - 3*m = -4*g + 8, -5*g + o = 2*m. Suppose m = -3*c + 6*c - 66. What is the units digit of c?
2
Suppose -7*n + 2*n + 10*n = 121315. What is the hundreds digit of n?
2
Let d be (((-32)/(-28))/2)/(14/98). Suppose -297 = -3*p + 3*m + 1569, -2494 = -d*p + m. What is the tens digit of p?
2
Let q(n) = 24*n**3 + 2*n**2 - 1. Let m = 30 + -29. Let d be q(m). What is the units digit of 3*((-2)/1 + d)?
9
What is the tens digit of 349548/25 - (11 + (-7202)/650)?
8
Let a(p) = -p**3 + 7*p**2 + 9*p + 10. Let x be a(8). What is the units digit of (-24696)/(-32) + -2 + x/8?
2
Let y be 1 + 0 + (0 - 6). Let d(p) = -10*p**2 - 11*p**2 + 11*p**2 - 3*p + 14 + 6*p**2 + 2 - p**3. What is the tens digit of d(y)?
5
Suppose -57420 = -5*l + 2*q, 4*l = 13*q - 9*q + 45936. What is the tens digit of l?
8
Let x = -443 - -284. Let f = -414 - x. Let n = 364 + f. What is the hundreds digit of n?
1
Let h = -132 + 131. Let o(w) = 13*w**3 + 8*w**2 - 6*w. Let m(r) = 13*r**3 + 7*r**2 - 5*r. Let i(z) = -6*m(z) + 5*o(z). What is the tens digit of i(h)?
1
Suppose -4*h - 4*r = -14324, 17838 = 5*h + r - 51. What is the hundreds digit of h?
5
Suppose -5*s = 5*v - 13 - 27, -3*v - s + 16 = 0. What is the tens digit of 3983/v + (-17)/(-68)?
9
Let h(q) = 5*q**2 + 28*q - 785. What is the thousands digit of h(37)?
7
Let p = 12079 + -7938. What is the tens digit of p?
4
Let p be (-3)/21 + (-4706)/(-14). Let c = p - 143. What is the tens digit of c?
9
Let s = -2681 - -4661. Let q = -585 + s. What is the tens digit of q?
9
What is the thousands digit of (186 - 184)/((0 - 1)/(-1333))?
2
Suppose -3*n + 2750 = 5*h, h = 3*n - 5*n + 550. Let u = h + 30. What is the tens digit of u?
8
Let c(s) = s**2 - s - 2. Let y(b) = -7*b. Let k be y(-2). Suppose k = 3*h - 10. What is the units digit of c(h)?
4
Let o = 22671 - 15655. What is the thousands digit of o?
7
Suppose 0*g - 62298 - 36500 = -14*g. What is the hundreds digit of g?
0
Let i be (2 + -1)*(-72)/(-5 - 1). Suppose 2*o + 2*o - i = 0. Suppose 3*v + 4*l - 311 = 0, -2*v - o*l + 275 - 67 = 0. What is the units digit of v?
1
What is the units digit of (-12)/(-44) - (-3684)/44?
4
Suppose 0 = -4*w + 4*o - 93 + 17, w + 23 = 2*o. Let r be w/(-3) + 1 + -3. What is the tens digit of 50/3 + r/9?
1
Let z = -34 + 34. Suppose 2*r - 147 = x, 12 + z = -4*x. Let a = 18 + r. What is the tens digit of a?
9
Suppose 6*a = 58 + 8. Suppose a*k - 6*k - 645 = 0. What is the hundreds digit of k?
1
Let p = -19 - -12. Let s(z) = -z + 64 - 126 - 9*z - 7*z**2 + 67 - z**3 + 2*z. What is the units digit of s(p)?
1
Suppose -3*w - 106 = -2*g, 4*g - 12 - 166 = 5*w. Let y = w + 106. Suppose y = -4*r + 652. What is the hundreds digit of r?
1
Let k = -618 + 225. Let m = 167 - k. What is the hundreds digit of m?
5
Let u(t) = 3133*t**2 + 47*t + 46. What is the units digit of u(-1)?
2
Suppose -32484 = -3*c + 48*n - 44*n, 0 = -2*c + 5*n +